t n(j) = 37*j**2 - 15*j - 49. List the prime factors of n(-4).
3, 67
Let d be (-12)/(((-15)/24)/5). Let p = -9 + 11. Suppose -d = -p*x - x. List the prime factors of x.
2
Suppose -5*o + 4*w - 9 = 3, 2*o + 4*w - 12 = 0. Suppose 3*d + o*d = l - 169, 5*l - 5*d = 885. What are the prime factors of l?
181
Suppose -w - 7*w - 464 = 0. Let v = 74 + w. What are the prime factors of v?
2
Let d = 9 + -3. Suppose 5*w - 3 = 3*h + d, -2*w + 3*h = 0. Suppose 0 = 5*z - 5*u - 125, 0 = -w*z - 0*u + 2*u + 71. What are the prime factors of z?
3, 7
Suppose -5*b - 3*a = -0*a - 24, 3*b - 2*a - 22 = 0. Suppose b*r + 5 = -1. What are the prime factors of (35 - r)/(39/52)?
2, 3
Suppose 0*u = u - 3. Suppose -2*k - 26 = -3*l - u*k, 0 = 2*k + 2. What are the prime factors of 273/l + 3/(-9)?
2, 3, 5
Let c = -39 - -199. Suppose -4*l = 4*d - 5*l - 314, -c = -2*d - l. Suppose d + 21 = 4*k. What are the prime factors of k?
5
Let b = 850 - 447. What are the prime factors of b?
13, 31
Let f be (-1 + 2)/(13/(-26)). List the prime factors of -4 + (49 - 2/f).
2, 23
Let z = -21 - -25. Suppose c = -5*l + 251, z*l + 0*c = c + 199. What are the prime factors of l?
2, 5
Suppose 3*a + 3136 = a. Let f = 14 - 16. List the prime factors of a/(-72) - f/9.
2, 11
Let t(o) = -35*o + 90. List the prime factors of t(-13).
5, 109
Let k be (-19)/(-1) - (10 - 7). Suppose -4*a = -16 - k. Let m = 43 - a. List the prime factors of m.
5, 7
Let s(j) = j**2 - 9*j. Let r be s(8). Let z = r - 14. List the prime factors of 4/z + 708/22.
2
Let h(d) = d**3 + 46*d**2 - 6*d + 168. List the prime factors of h(-44).
2, 269
Let j(d) = 19*d**2 + 7*d + 4. Let m(y) = 18*y**2 + 8*y + 4. Let f(k) = 5*j(k) - 4*m(k). What are the prime factors of f(3)?
2, 5, 11
Suppose -5*c = 3*p - 4, -12 = -3*p + c + 2*c. Let v be (-60)/(-16) + p/(-4). List the prime factors of (-203)/(-14)*(v + -1).
29
Suppose -445*y = -451*y + 10290. What are the prime factors of y?
5, 7
Suppose -6*d = 2*d - d. List the prime factors of d + 6/(-10) + (-1764)/(-15).
3, 13
Suppose -3*s = 9 - 18. Suppose 2*i + 0*g - 2*g = 108, 0 = -4*i - 2*g + 246. Suppose -w = -0*w - 2*n - 12, -s*n = 4*w - i. What are the prime factors of w?
2, 7
Let k(q) be the first derivative of q**4/4 - 10*q**3/3 - 13*q**2 - 15*q - 19. What are the prime factors of k(13)?
2, 7, 11
Suppose -5*i + 2895 = 925. Suppose -2*w + i + 106 = 0. List the prime factors of ((-20)/(-25))/(4/w).
2, 5
Let v(r) = 6*r**2 - 6*r. Suppose -38 = -9*i - 2. List the prime factors of v(i).
2, 3
Let g(c) be the first derivative of c**4/4 - 2*c**3 + 5*c**2/2 + 2*c + 2. What are the prime factors of g(6)?
2
Let g be (1 - 2) + (4 - 1). Let s = 34 - 34. Suppose -g*o + s*o + 26 = 0. List the prime factors of o.
13
Let f(m) = m**3 - 8*m**2 - 11*m + 12. Let z be f(9). What are the prime factors of (154/21)/((-4)/z)?
11
Let r(j) = 7*j**2 - 11*j + 8. What are the prime factors of r(-5)?
2, 7, 17
Let g = 147 - -40. Let u = 57 + g. List the prime factors of u.
2, 61
Let z be (-4 - -5)/((-1)/(-7)). Suppose -59 = -z*r + 424. What are the prime factors of r?
3, 23
Let p = -94 + 138. Suppose -19 = 5*y - 6*y + 5*l, -5*y = 5*l - 5. Suppose -p = -y*v - 0. List the prime factors of v.
11
Let y(t) = t**3 - 7*t**2 + 3*t + 1. Let a be y(6). Let s(z) = -z**2 - 24*z + 24. What are the prime factors of s(a)?
11, 13
Suppose 2*x - 10 - 8 = 0. Suppose x = s + r, 0 = -4*s + 2*r + 4 + 2. Suppose -1 = 2*m + w - 128, -s*w = -3*m + 185. What are the prime factors of m?
3, 7
Let x(j) = -13*j - 150. What are the prime factors of x(-16)?
2, 29
Let s(c) = -19*c + 2. Let b be s(-3). Let a = b - -7. Suppose 2*p - 3*p + a = 0. List the prime factors of p.
2, 3, 11
Suppose 12*q + 6 = 14*q. Let u be -4*1*(2 - q). Suppose -8*y = -u*y - 76. What are the prime factors of y?
19
Suppose -k + 24 = 4*f - 26, -3*f = 9. Suppose 0 = -d + h + 42, 5*d - 94 = 2*d - 5*h. Let q = k - d. What are the prime factors of q?
2, 3
Let p be (-20)/(-25)*(-35)/(-2). Let m = 63 + p. Suppose m + 43 = 4*h. What are the prime factors of h?
2, 3, 5
Let c be -2 - (2 + -2 - 4). Suppose -3*j = -c*n + 193, -j - 282 = -3*n - 4*j. What are the prime factors of n?
5, 19
Suppose -4*y + 24 = 4, 5*k + 2*y - 15 = 0. Suppose 3*t - 3*s = 240, -3*s = 5 + k. List the prime factors of t.
2, 3, 13
Let t = -10 + 36. Suppose 0 = -2*s + 26 + t. List the prime factors of s.
2, 13
Suppose -13*f = -2031 - 3273. Suppose 132 = -12*l + f. List the prime factors of l.
23
Suppose 0 = 7*c + c - 4840. What are the prime factors of c?
5, 11
Suppose -3010 - 160 = -b - 5*j, 0 = -4*b + 5*j + 12780. What are the prime factors of b?
2, 5, 11, 29
Let f = -10 + 20. Suppose n - 6 - f = 0. What are the prime factors of (n/12)/(2/24)?
2
Let i be 3/((-6)/2) + 121. Suppose 0 = -3*p + i - 18. List the prime factors of p.
2, 17
Suppose -o = 4 - 6. Let a be (0/(-1))/(o + -5). Suppose -n - 4*n - 5*r = -30, -2*r - 2 = a. What are the prime factors of n?
7
Suppose -3*o = -v + 3, v + 0*o = 5*o + 3. Suppose v*s = 6 + 102. What are the prime factors of s?
2, 3
Suppose 0 = -4*j + 350 + 546. What are the prime factors of j?
2, 7
Let m = 65 + -82. Let f(l) = 2*l**2 + 26*l + 11. List the prime factors of f(m).
3, 7
Let a = 11 + -3. Let z be 1/(18/a - 2). Suppose -z + 32 = u. What are the prime factors of u?
2, 7
Let c(r) = r**2 + 9*r - 17. Let y be c(16). Let m = -271 + y. What are the prime factors of m?
2, 7
Let x(c) be the first derivative of c**4/4 + 3*c**3 + 11*c**2/2 + 7*c - 7. Suppose -g - 7 = -0*g. What are the prime factors of x(g)?
2, 7
Suppose 64 = 3*g + 2*i - 27, -159 = -5*g + 4*i. Suppose -3 = r - g. Let b = r + -1. List the prime factors of b.
3
Let u(m) = 4*m - 14. Let z(n) = -7*n + 28. Let d(l) = 5*u(l) + 3*z(l). Let k be d(6). Suppose 8 + k = p. What are the prime factors of p?
2
Let t(q) = 1027*q - 183. What are the prime factors of t(3)?
2, 3, 7, 23
Suppose -5*y + 2*y + 102 = 0. Suppose -p = -3*i + 15 + 58, -3*p = 2*i - y. What are the prime factors of i?
23
What are the prime factors of 19*5856/30 - (-18)/15?
2, 5, 7, 53
Let g(h) = h**2 + 10*h + 10. Let q be g(-9). Suppose v + q = 113. List the prime factors of v.
2, 7
Let p = 155 + 675. List the prime factors of p.
2, 5, 83
Suppose -2*f - 1 = 5. Let a be 20*(f/4)/(-3). Suppose -5*i = -g - g - 10, -5*i - 5 = -a*g. What are the prime factors of g?
5
Suppose -l + 8696 = m + m, m - 4343 = -3*l. List the prime factors of m.
4349
Suppose r - 9567 = -5*a, -3*a + 2*r - 1216 = -6951. What are the prime factors of a?
1913
Suppose 0 = -i + 4, -370 = -3*h - i + 1380. What are the prime factors of h?
2, 3, 97
Let a(d) = 3*d**2 + 7*d - 97. List the prime factors of a(18).
7, 11, 13
Let w(q) = 35*q - 5. Let b be w(4). Suppose 3*c - 222 = b. List the prime factors of c.
7, 17
Let m(c) = 11*c**2 - 20*c + 46. What are the prime factors of m(12)?
2, 5, 139
Suppose 1903 = 2*g - 5*k, 2230 = 3*g + 3*k - 593. Let d be 2/7 + g/28. Suppose 17 = 3*r - d. List the prime factors of r.
17
Suppose -51*n - 3909 = -d - 56*n, -n = 0. What are the prime factors of d?
3, 1303
Suppose 0 = 3*o + 11 + 4, 5*i - 1795 = 2*o. What are the prime factors of i?
3, 7, 17
Let h(n) = -6*n + 6. Suppose -2*v - 4*y + 4 = 18, -v - 3*y = 12. Let t be ((-6)/(-8))/(v/(-12)). What are the prime factors of h(t)?
2, 3
Let a(l) = 4*l**3 + 14*l**2 - 5*l - 3. Let o(g) = g**3 + g**2 - g + 1. Let s(z) = a(z) - 3*o(z). List the prime factors of s(-11).
2
Let m(g) = 21*g**3 + 3*g**2 - 6*g + 11. List the prime factors of m(3).
587
Suppose 4*s + 5*b = 1025, -4*s + 4*b + 620 + 396 = 0. What are the prime factors of s?
3, 5, 17
Let z = -371 - -713. What are the prime factors of (-4)/32*-4*z/3?
3, 19
Let k(y) = 4*y**3 + 12*y**2 - 11*y + 6. List the prime factors of k(4).
2, 5, 41
Suppose -b + 2*q + 137 + 1362 = 0, -5*q = -b + 1514. What are the prime factors of b?
1489
Let m(i) = -6*i**3 + 2*i**2 + 4*i + 3. Let v be m(-1). Suppose 0 = -v*h + 11*h - 8. List the prime factors of h + -4 - (0 + -6).
2
Suppose 4*q - 2*y = 10344, -13*q + 3*y - 10334 = -17*q. List the prime factors of q.
5, 11, 47
Suppose 3*d + 3*a = 0, -12 - 18 = 5*d - 5*a. Let n = d + 5. What are the prime factors of (n/4)/((-3)/(-90))?
3, 5
Suppose 0 = 5*b + 2*y - 2, -6 = -3*b + y + 4. Let m be (b + 3/(-2))*104. What are the prime factors of 4*(m/8 + 0)?
2, 13
Supp